Let p(u) = -u**3 + 3*u**2 - 4*u + 2. Let m be p(2). Let q(n) be the first derivative of -n**3 - n**2 - 3*n + 3608. Calculate q(m).
-11
Let a(r) be the third derivative of -r**5/60 + 17*r**4/24 - 4*r**3 + 2*r**2 + 11*r. Determine a(19).
-62
Let s = -997 - -976. Let v(k) = 44*k + 920. Determine v(s).
-4
Let s = 114 - -2. Let j(i) = -8*i + 2*i**2 + 3*i**2 + i**2 + 128 - s - 5*i**2. What is j(7)?
5
Let n(s) = -s**3 - 7*s**2 + 31*s + 12. Let u be n(-10). Let d be (-20)/(-9) + 2/(-9). Let h(c) = 2 - c - c - d*c + 5*c. What is h(u)?
4
Suppose 2*p - 9 = -s, 2*s = -p + 12 - 3. Let l(j) = 9*j**2 - 310*j - 4*j**3 + 321*j - 7 + 3*j**p + 0*j**3. Determine l(10).
3
Let y(r) = 318*r**2 - 34*r - 10. Let w(m) = -67*m**2 + 7*m + 2. Let u(p) = -19*w(p) - 4*y(p). Determine u(4).
30
Let f(z) = 8*z + 7*z + 2*z**2 + 2*z**2 - 26225 - 3*z**2 + 26216. Calculate f(-16).
7
Suppose -3*x + 3 = -2*t - 1, -4*t + 10 = 3*x. Let n(s) = -674*s**2 - 4*s + 3*s + 675*s**x + 3 + 4*s. Calculate n(-5).
13
Suppose 4 = 4*s + 4*c, 0 = 4*s - c + 20 - 19. Let o(q) = -q**2 + 2*q + 13. Determine o(s).
13
Let f(m) = -3*m + 2. Let t = 26155 + -26163. Calculate f(t).
26
Let m(b) be the first derivative of -b**3/3 + 16*b**2 - 92*b - 3020. What is m(29)?
-5
Suppose -4*j = j. Suppose 3*y - 97 = -46. Let c(a) = -5 - y - 2*a**2 + a**3 + 11 + a**2. What is c(j)?
-11
Let r(y) be the second derivative of y**4/12 - 3*y**3 + 11*y**2/2 + y. Determine r(17).
-6
Let a(y) = y**2 + 13*y - 30. Let k be a(-14). Let f = 18 + k. Let j(t) = -13*t + 20*t + 0 - 3. What is j(f)?
11
Let t(l) be the first derivative of l**4/4 - 2*l**3 - 5*l**2 + 12*l - 5110. Determine t(8).
60
Let z(t) = t. Let d(j) = 4*j**2 - j. Let v be d(1). Let u be 4/(1*v/12). Let k be (-4 + 60/u)/(2/8). What is z(k)?
-1
Let i(w) = -w - 42. Suppose 3005*r = 2989*r - 288. Give i(r).
-24
Suppose 67 + 173 = -15*n. Let i(q) = 4*q - 6. What is i(n)?
-70
Suppose 6*g = 4*g - 22. Let a(i) be the first derivative of i**3/3 + 6*i**2 + 3*i + 59. Let t be a(g). Let f(y) = -y**2 - 8*y + 9. What is f(t)?
9
Let z(i) = i - 11. Let w(a) be the third derivative of -a**5/60 + a**4/6 + a**3/2 - 5*a**2 + 6*a. Let q be w(6). Determine z(q).
-20
Suppose 10 = -14*j + 19*j. Suppose 5*u + 2*k = 8, -u + j*k + 4 = -0. Suppose y + 5*b - 5 = u, -2*y - 5*b + 9 = 0. Let l(d) = 6*d - 1. Determine l(y).
11
Let q(v) = -v**3 + 44*v**2 - 46*v + 129. Let l be q(43). Let h(x) = 14 + 21 - 5*x - x**2 + l*x - 39 + 17*x. Calculate h(11).
7
Let d(k) = 16*k - 50*k + 28*k + 14*k + 42. What is d(-5)?
2
Let x = 1162 - 1159. Let y(f) be the second derivative of -4/3*f**x + f - 1/12*f**4 + 0 + 2*f**2. What is y(-8)?
4
Let f(u) be the second derivative of u**4/12 + 7*u**3/6 - 11*u**2/2 - 26472*u. Let q be 86/(-10) + (-4)/10. Determine f(q).
7
Let u(g) be the second derivative of g**7/840 + g**6/30 + 11*g**4/24 - 121*g**3/6 + 62*g - 2. Let r(x) be the second derivative of u(x). What is r(-12)?
11
Let v be 1/(-8)*-34 - 14/56. Let b = -22 + 40. Suppose 5*l + 2*w = -4 + 15, 0 = v*l - 3*w - b. Let z(x) = x**3 - x**2 - 4*x + 1. Calculate z(l).
7
Let i(j) = j. Let a(p) = p**2 + 10*p + 20. Let u be a(-7). Let w(f) = 5*f + 10. Let t be w(u). Calculate i(t).
5
Let a(h) = -h + 8. Let i = 359 - 371. Let s be ((-2)/(-10)*i)/((-38)/95). Calculate a(s).
2
Let r = -2798 - -2802. Let s(z) = 6 + 13*z - 9*z - 6*z - 7*z. Calculate s(r).
-30
Suppose -16 = -o - 19. Let a(u) be the second derivative of 1/6*u**4 + 1/6*u**3 + 0 + 1/20*u**5 + 2*u**2 + 24*u. Calculate a(o).
-8
Let z(p) = -p**2 + 27*p - 177. Let c = 5121 + -5111. Give z(c).
-7
Let l(m) = -m**2 + 8*m + 4. Suppose 20*n + 1778 = 4478. Suppose 10*i + n - 215 = 0. Determine l(i).
4
Let i(f) = -4*f**3 + 16*f**2 - 14*f - 43. Let d(y) = -y**3 - 2. Let h(g) = 3*d(g) - i(g). Calculate h(15).
22
Let q(k) be the third derivative of -17*k**4/8 + 65*k**3/3 - k**2 + 2*k + 1908. Calculate q(2).
28
Let y(l) = -2*l + l - l**2 - 1 + 2*l. Let a(s) = -2*s**2 + 2*s - 6. Suppose -4*w = -h - 17, 5*h - 4*h + 21 = 5*w. Let t(r) = h*a(r) + 3*y(r). Give t(0).
3
Let o(m) = 2*m - 19. Suppose -20 = 5*z, 3*v + z - 43 = 2*z. Suppose 10 = -x - 5*u + 43, -x - u + v = 0. What is o(x)?
-3
Let p(u) be the third derivative of -5*u**4/6 + 55*u**3/3 - 2*u**2 + 920*u. Determine p(5).
10
Let u(z) = -34*z**2 - 5*z - 196. Let f(j) = 136*j**2 + 21*j + 880. Let l(r) = -2*f(r) - 9*u(r). What is l(-2)?
134
Suppose -15 - 5 = -4*k. Let h(p) = 13*p - 3. Let w(b) = -5*b. Let f(i) = -36*i + 107. Let q be f(3). Let x(z) = q*h(z) - 2*w(z). Give x(k).
-12
Let a(x) = -7*x**2 + 14*x + 61. Let k(z) = z**2 + z. Let h(f) = a(f) + 6*k(f). Let o be h(23). Let t(b) = 2*b + 7. What is t(o)?
-9
Let w(h) = h**3 - 6*h**2 + 7*h - 9. Let o(b) = 28 - 27*b + 10 - 6 + 27. Let i be o(2). Give w(i).
1
Let d(r) = -r**3 - 18*r**2 + 15*r - 70. Suppose -11*b = 153 + 56. Give d(b).
6
Let q(z) = 5*z**2 + 2*z - 53. Let c(w) = -11*w**2 - 4*w + 120. Let l(i) = -4*c(i) - 9*q(i). Suppose 4*x + x + 25 = 0. Determine l(x).
-18
Suppose 0 = -f + 2*f. Suppose -2*d - 10 = 0, -23 = -3*m + 5*d + 8. Let n(u) = 16 - m - 8 + 1 + u. What is n(f)?
7
Let m(t) = -7*t + 2. Let p = -148 + 103. Let z = 45 + p. Let s be m(z). Let w(d) = -3*d**2 + 2*d. What is w(s)?
-8
Let u(c) = 7*c + 10. Let y(q) = 6*q + 9. Let k(j) = 5*u(j) - 6*y(j). Suppose 0*i + 44 = 3*i + 4*o, -2*i + 52 = -3*o. Suppose -i*f = -2*f - 3*f. What is k(f)?
-4
Let z(l) = 20*l - 7. Suppose -67*q - 21 = -0 - 155. Calculate z(q).
33
Let g(r) = 48*r + 93. Let x(d) = -d**2 + 86*d - 87. Let v be x(1). Determine g(v).
-3
Let x(h) = h. Let u = 5 - -8. Suppose -18*o + 25 = -u*o. Suppose 0 = 4*a + 1 - o. Calculate x(a).
1
Let f(z) = z - 3. Let q be f(-2). Let u(x) be the first derivative of 2*x + 1/2*x**2 - 118. Give u(q).
-3
Let g(t) = -21*t**3 - 4*t**2 - 30*t + 46. Let b(v) = -2*v**3 - 2*v**2 - v. Let r(q) = 10*b(q) - g(q). Calculate r(14).
-158
Let b(u) = -u**3 + 10*u**2 - 30*u + 63. Let s be b(7). Let j(h) = -8 - 36*h**3 + 2*h**2 + 2*h + 18*h**3 - h**2 + 17*h**3. What is j(s)?
-8
Let o(u) = 0*u + 1 + 0 + 0*u**2 - 5*u**2 + u. Let y = -2086 + 2084. What is o(y)?
-21
Let x(s) = -s**3 + 2*s**2 - 1. Suppose 0 = 4*n - 6*n + r + 11, -4*r = -4*n + 32. Suppose 2*p - p = -n*g - 1, 3 = -3*p - g. What is x(p)?
2
Let p(x) = x + 5. Let s(q) = -q**3 + 19*q**2 - 3*q - 3. Let w be s(19). Let o = 60 + w. Suppose o = 4*j - 2 + 2. Determine p(j).
5
Let d = 3616 + -86783/24. Let q(i) be the third derivative of 0 - 25*i**2 - 3/2*i**3 - d*i**4 + 0*i. Give q(-6).
-3
Let x(m) = 15*m + 18. Let g be x(16). Let c be (-2)/9 - g/54. Let a(d) = d**2 + 4*d + 3. Calculate a(c).
8
Let u = 9346 + -9327. Let h(x) = 3*x - 41. What is h(u)?
16
Let x(d) = -d. Let y(i) = 7*i - 5. Let o(h) = 4*x(h) + y(h). Suppose 10*n + 13*n = 161. Let z be (-1 - (-70)/n) + -5. Calculate o(z).
7
Let f = 39613 - 39611. Suppose -5*n = -4*x + 4, -3*n - 4 = -4*x - 0*x. Let p(b) = 0 - x + b + 2*b - 1. Give p(f).
4
Suppose 0 = -5*k - 1230 + 1195. Let r(w) = -11*w - 18. Let m(d) = 7*d + 12. Let g(i) = -8*m(i) - 5*r(i). Calculate g(k).
1
Suppose 0 = -3*k + 4*k - 4. Let y(p) = -5*p - k + 2 - 10*p + 23*p. Determine y(2).
14
Suppose -66*v + 371 = -119*v. Let u(q) = q**3 + 8*q**2 + 2*q - 8. Give u(v).
27
Let a(t) be the second derivative of -t**4/12 - t**3/6 + 403*t + 1. Suppose -4*g + 4 = -2*g - 3*f, g + 3 = -f. Give a(g).
0
Let t(g) = 1 - 3 + 0 - 6*g**2 - 6*g**2 + g**3 + 8*g**2. Let x(v) = -v + 13. Let o be x(9). Calculate t(o).
-2
Let t(z) = -4*z + 5. Let p be t(0). Let c(o) = -o**2 - 562*o**3 + o - 4 + p + 533*o**3. What is c(-1)?
28
Let o(q) = 5*q - 91. Let b be (34/(-5))/(-9*(-68)/(-1530)). Give o(b).
-6
Let z(x) = 9*x**2 + 72*x - 33. Let d(w) = -4*w**2 - 35*w + 16. Let a(l) = -5*d(l) - 2*z(l). Let f be a(-16). Let b(r) = r**2 + 2. What is b(f)?
6
Suppose -4*y - a - 3 = 0, 4*y - 3 - 12 = 5*a. Suppose y = 12*m - 8*m - 16. Let p(s) = -5*s + 23. What is p(m)?
3
Let k(p) = -17*p**3 + 4*p**2 + 19*p + 11. Let h(c) = 37*c**3 - 8*c**2 - 41*c - 24. Let g(q) = -6*h(q) - 13*k(q). Determine g(-6).
79
Let n(a) = a**3 + 15*a**2 + 4*a + 67. Suppose 2*z + 231 = 247, -2*z + 61 = -3*o. Calculate n(o).
7
Let m(p) be the third derivative of p**4/24 + 7*p**3 - 769*p**2. Determine m(-27).
15
Let w(l) = 1558*l - 6231. Let s be w(4). Let o(d) = 209*d - 209. Determine o(s).
0
Let l =